2. Let c = 83 - 76. What is the remainder when v is divided by c?
4
Let s = -38 - -50. Let n = 92 - s. Suppose 5*h - 13*h + n = 0. What is the remainder when 49 is divided by h?
9
Calculate the remainder when 11104/32 - ((-2)/(-4))/(11/22) is divided by 92.
70
Let g(h) = h**3 - 150*h**2 + 5371*h - 161. Suppose 7*v - 4*v = 165. What is the remainder when v is divided by g(91)?
13
Let r = 405 - 290. Let d = -77 + 82. Suppose 3*n - 89 - 41 = -d*z, 0 = 2*z - 2*n - 68. What is the remainder when r is divided by z?
28
Let m(a) = -a**3 - 13*a**2 + 3*a - 131. Let n = 280 + -101. What is the remainder when n is divided by m(-14)?
18
Suppose -2*p + p + 14 = 0. Let x(y) = 11*y**2 - 5*y + 2. Calculate the remainder when x(2) is divided by p.
8
Suppose -8*t - 24 = -12*t. Let i(m) = m**3 - m**2 - 3*m - 17. What is the remainder when i(t) is divided by 33?
13
Let q = -3138 + 3704. What is the remainder when q is divided by 98?
76
Suppose -4*i + 52 = -2*i - 2*t, 4*i - 96 = -4*t. Suppose -u + 2 = 0, -5*o + 2*u - 9 - i = 0. Calculate the remainder when 48 is divided by (-2 + 1)/(o/102).
14
Let u(i) = 3*i**2 + 39*i + 35. Let m be u(-14). Suppose -m*j + 25 + 437 = 0. Suppose 15 = l + 4*l. What is the remainder when j is divided by l?
0
Let f be -5*(611/(-5) - -8). Let z = f + -497. What is the remainder when z is divided by 3?
2
Suppose 3*n = -774*d + 777*d - 123, 0 = 4*d + 2*n - 188. What is the remainder when d is divided by 18?
9
Let p(d) = 2*d**2 + 94*d + 870. Calculate the remainder when p(-53) is divided by 49.
36
Let a(s) = s**3 + 2*s**2 + s + 2. Let c be a(-2). Suppose c = -5*v + 6*v - 46. Suppose 3*d - 38 = v. Calculate the remainder when d is divided by 5.
3
Let z(x) = -x**2 + 16*x - 36. Let j be z(12). What is the remainder when (j/5)/(-6) + (-501)/(-15) is divided by 17?
16
Let v be 5 + (-430)/60 - 2/(-12). What is the remainder when 55 is divided by v/3*1*186/(-4)?
24
Let a(n) = n**3 - 17*n**2 - 38*n + 4. Let g be a(19). Suppose 18*r - g*r = 2450. What is the remainder when r is divided by 45?
40
Let t(r) = 296*r**3 - 2*r**2 + 7*r - 5. Let o be t(1). Let k = 389 - o. What is the remainder when k is divided by 19?
17
Let a(n) = 7*n**2 + 52*n + 31. Let r be ((-1)/2)/(((-70)/7)/(-260)). What is the remainder when a(r) is divided by 20?
18
Let g(s) = -5 - 2*s**2 + 3*s**3 - 3*s + 2 + 5. Suppose 3*x - 29 = 5*z - 12*z, -5 = 5*z - 3*x. What is the remainder when 19 is divided by g(z)?
7
Let i = -103 - -173. Suppose -i - 155 = -3*z. Calculate the remainder when z is divided by (-236)/(-18) - 302/2718.
10
Let k = 4032 + -3974. Calculate the remainder when k is divided by 17.
7
Let c(i) = -i**3 - 3*i**2 + 7*i + 10. Let x be c(-4). Calculate the remainder when 16 is divided by x/((-24)/75) - 4/16.
4
Let v = -31 + 46. Calculate the remainder when 9 is divided by (7/(-7))/((-3)/v).
4
Let a = 2252 - 2149. Suppose -5*y = -2*y - 54. Calculate the remainder when a is divided by y.
13
Let q = 11722 + -10877. What is the remainder when q is divided by 7?
5
Calculate the remainder when 243 is divided by (-84)/147 + (-936)/(-21) - -2.
13
Let w(t) = 2*t + 19. Let c be w(-8). Let a be 0/(c*(-4)/12). Suppose a*v + 2*z - 10 = -2*v, 2 = -2*z. What is the remainder when 9 is divided by v?
3
Let g = -81 + 103. Suppose 10 + 2 = 2*z. Suppose -q - 2*s + z = -0*s, -24 = -q + 4*s. Calculate the remainder when g is divided by q.
10
Let b be ((25/10)/(-5))/(1/(-48)). Suppose 2*g - 3*r = -2*g + b, 18 = 3*g + 3*r. What is the remainder when 544/g - (-7)/((-21)/2) is divided by 31?
28
Suppose -52*y + 56 = -48*y. Suppose 0 = y*k - 295 - 209. Calculate the remainder when 207 is divided by k.
27
Let g(y) = 5*y - 10. Let h be g(4). Suppose 5*d - 3*k - 38 = -23, -5*d = -4*k - h. What is the remainder when 340 is divided by d?
4
Suppose 3*n + 2*f - 121 = 0, 3*n = -4*f + 554 - 423. What is the remainder when 1172/20 + 2/5 is divided by n?
22
Let v(u) = -7*u - 122. What is the remainder when 0 + 0 - -32 - (2 + -2) is divided by v(-19)?
10
Let i(j) = j**3 + 5*j**2 - 3*j + 2. Calculate the remainder when i(2) is divided by (-3)/((-4 - 0) + 3).
0
Let x = 51 - 41. Let q be (-4)/14*-62 + x/35. Calculate the remainder when 113 is divided by 259/9 - (-4)/q.
26
Suppose -154 - 21 = -p - 2*l, 3*p = -5*l + 528. Suppose 0 = 3*d + 4*b - p, -8*b = 5*d - 5*b - 309. Calculate the remainder when 879 is divided by d.
60
Suppose -4*w - w + 130 = 0. What is the remainder when 19 + -135*(-44)/66 + -7 is divided by w?
24
Suppose 31*n - 9727 - 8594 = 0. Calculate the remainder when n is divided by 119.
115
Suppose 0 = 4*f - 2*f - 34. Let s(z) = -2*z + f + 4*z - z. Calculate the remainder when s(-13) is divided by 4.
0
Suppose x + 187 = 5*s, -x = -2*s + 3*x + 82. Suppose s = 3*b + 22. Calculate the remainder when 19 is divided by b.
4
Let q = -522 + 522. Suppose -o + 45*o - 3916 = q. What is the remainder when o is divided by 30?
29
Suppose -2716 = -d - z + 10248, -2*d = 3*z - 25933. What is the remainder when d is divided by 27?
26
Suppose 0 = 2*b - 3*j - 19, b = -3*j + 12 + 2. Suppose -3*a - 136 = -b*a. What is the remainder when 151 is divided by a?
15
Let c(g) = 5*g**3 - 23*g**2 + 12*g - 36. What is the remainder when 6065 is divided by c(5)?
71
Suppose -20*a + 15144 = -15758 + 9682. What is the remainder when a is divided by 52?
21
Suppose 277*k = 292*k - 1545. What is the remainder when k is divided by 23?
11
Let z = -488 - -472. What is the remainder when 59 is divided by (z/(-5))/(1/15)?
11
Let r(k) = -17*k**2 + 366*k - 7. Calculate the remainder when 247 is divided by r(21).
65
Suppose -5*u + 3*u = -4*n - 8, -5*u = n - 20. Suppose 0 = r - u*f - 13, -27 = -4*r + 5*f + 25. What is the remainder when (21/(-12))/((-1)/28) is divided by r?
10
Suppose -5*l + 3*h = -565, 4*l - 5*h = 234 + 218. Let q = -60 + l. Suppose 94 = -14*i + 290. What is the remainder when q is divided by i?
11
Suppose o - 56 = 22. Suppose -16*v = -13*v - o. Let r = -35 - -84. Calculate the remainder when r is divided by v.
23
Let t = 3321 - 3218. What is the remainder when t is divided by 58?
45
Suppose 10*n = 167 + 353. Calculate the remainder when 268 is divided by n.
8
Suppose -t + 24 = 2*k, -4*t = -5*k - 9 - 74. Calculate the remainder when 272 is divided by (10/2)/(t - 21).
2
Let k be 6/16 - (-592)/128. Suppose 30 = -k*p + 260. What is the remainder when p is divided by 4/(-3)*(-63)/6?
4
Suppose 2*f - 2 = f. Suppose 3*w = -f + 17. Let h = 48877 + -48845. Calculate the remainder when h is divided by w.
2
Let b = 94 - 36. Suppose -6 + b = 4*a. What is the remainder when 284 is divided by a?
11
Suppose 0 = 142*p - 141*p. Suppose -j - 4*j + n + 350 = p, -5*j - 5*n = -380. Calculate the remainder when 274 is divided by j.
61
Let d(l) = 12*l**2 + 5*l + 4. Let o be d(-2). Let t = -400 + 405. Calculate the remainder when (-4 + 5)/(3/o) is divided by t.
4
Let x = 5 + 187. Suppose -3*n - 2*v - 76 = -x, -3*n + 92 = -4*v. Suppose 71*l = -208*l + 3627. What is the remainder when n is divided by l?
10
Suppose -4*l + 220 + 479 = -3*k, -2*l - 4*k + 366 = 0. Let j = l - 169. Let z(c) = c**3 - 6*c**2 - 4*c - 7. What is the remainder when z(7) is divided by j?
6
Let t = 78 - 75. Let y(g) be the third derivative of g**6/40 + g**5/30 + g**4/24 - g**3/6 - 2*g**2 - 4*g. Calculate the remainder when y(t) is divided by 26.
23
Suppose -2*s = -7*s + 35. Let r be 2/3 + s/42*-484. Calculate the remainder when 58 is divided by 4/10 + (-768)/r.
8
Suppose -2*x + 9*x = x. Let h(y) = y**3 + y**2 + 2*y + 3. What is the remainder when 40 is divided by h(x)?
1
What is the remainder when 1/(2/178) + -2 is divided by 20*((-11)/165)/(6/(-108))?
15
Let b(v) = -v**2 - 15*v - 51. Let u be b(-9). Suppose q - 42 = -u. Calculate the remainder when 154 is divided by q.
37
Let x = 18 - 61. Let y = 131 + x. Calculate the remainder when y is divided by 46.
42
Suppose 2*p + 828 = 4*t, -2*p + 434 = 2*t + 2*p. What is the remainder when t is divided by (((-20)/8)/5)/(6/(-648))?
47
Let r(c) = 971*c**2 - 2*c + 1. Let b be r(-1). Suppose 8*o = 13*o - 15, -b = -5*y + 2*o. What is the remainder when y is divided by 22?
20
Suppose w + 7*w + 13*w = 3213. What is the remainder when w is divided by 37?
5
What is the remainder when 1977 is divided by (-260)/12*(-45)/25?
27
Let y be 16 - (6 + (3 -